{"version":"1.0","provider_name":"ELAM","provider_url":"https:\/\/elam.ca\/fr\/","author_name":"drakkarsupport","author_url":"https:\/\/elam.ca\/fr\/author\/drakkarsupport\/","title":"Les tendances de la formation en entreprise pour 2021","type":"rich","width":600,"height":338,"html":"<blockquote class=\"wp-embedded-content\" data-secret=\"s6qOyNCtyq\"><a href=\"https:\/\/elam.ca\/fr\/tendances-formation-entreprise-2021\/\">Les tendances de la formation en entreprise pour 2021<\/a><\/blockquote><iframe sandbox=\"allow-scripts\" security=\"restricted\" src=\"https:\/\/elam.ca\/fr\/tendances-formation-entreprise-2021\/embed\/#?secret=s6qOyNCtyq\" width=\"600\" height=\"338\" title=\"\u00ab\u00a0Les tendances de la formation en entreprise pour 2021\u00a0\u00bb &#8212; ELAM\" data-secret=\"s6qOyNCtyq\" frameborder=\"0\" marginwidth=\"0\" marginheight=\"0\" scrolling=\"no\" class=\"wp-embedded-content\"><\/iframe><script type=\"text\/javascript\">\n\/* <![CDATA[ *\/\n\/*! This file is auto-generated *\/\n!function(d,l){\"use strict\";l.querySelector&&d.addEventListener&&\"undefined\"!=typeof URL&&(d.wp=d.wp||{},d.wp.receiveEmbedMessage||(d.wp.receiveEmbedMessage=function(e){var t=e.data;if((t||t.secret||t.message||t.value)&&!\/[^a-zA-Z0-9]\/.test(t.secret)){for(var s,r,n,a=l.querySelectorAll('iframe[data-secret=\"'+t.secret+'\"]'),o=l.querySelectorAll('blockquote[data-secret=\"'+t.secret+'\"]'),c=new RegExp(\"^https?:$\",\"i\"),i=0;i<o.length;i++)o[i].style.display=\"none\";for(i=0;i<a.length;i++)s=a[i],e.source===s.contentWindow&&(s.removeAttribute(\"style\"),\"height\"===t.message?(1e3<(r=parseInt(t.value,10))?r=1e3:~~r<200&&(r=200),s.height=r):\"link\"===t.message&&(r=new URL(s.getAttribute(\"src\")),n=new URL(t.value),c.test(n.protocol))&&n.host===r.host&&l.activeElement===s&&(d.top.location.href=t.value))}},d.addEventListener(\"message\",d.wp.receiveEmbedMessage,!1),l.addEventListener(\"DOMContentLoaded\",function(){for(var e,t,s=l.querySelectorAll(\"iframe.wp-embedded-content\"),r=0;r<s.length;r++)(t=(e=s[r]).getAttribute(\"data-secret\"))||(t=Math.random().toString(36).substring(2,12),e.src+=\"#?secret=\"+t,e.setAttribute(\"data-secret\",t)),e.contentWindow.postMessage({message:\"ready\",secret:t},\"*\")},!1)))}(window,document);\n\/\/# sourceURL=https:\/\/elam.ca\/wp-includes\/js\/wp-embed.min.js\n\/* ]]> *\/\n<\/script>\n","thumbnail_url":"https:\/\/elam.ca\/wp-content\/uploads\/2021\/03\/elam-corpo-training-article-thumb.jpg","thumbnail_width":870,"thumbnail_height":500,"description":"Les experts en RH et en A&D ont tir\u00e9 de pr\u00e9cieuses le\u00e7ons tout au long de l'ann\u00e9e 2020. En 2021, nous anticipons plus de changements. Bien que nous ayons tous eu du mal \u00e0 garder la t\u00eate hors de l'eau et \u00e0 nous adapter aux \u00e9v\u00e9nements de 2020, l'ann\u00e9e 2021 est porteuse de beaucoup d'espoir et de possibilit\u00e9s de changements significatifs \u00e0 mesure que nous avan\u00e7ons dans la nouvelle normalit\u00e9."}

Les experts en RH et en A&D ont tiré de précieuses leçons tout au long de l'année 2020. En 2021, nous anticipons plus de changements. Bien que nous ayons tous eu du mal à garder la tête hors de l'eau et à nous adapter aux événements de 2020, l'année 2021 est porteuse de beaucoup d'espoir et de possibilités de changements significatifs à mesure que nous avançons dans la nouvelle normalité.
