{"version":"1.0","provider_name":"ELAM","provider_url":"https:\/\/elam.ca\/fr\/","author_name":"drakkarsupport","author_url":"https:\/\/elam.ca\/fr\/author\/drakkarsupport\/","title":"Certificat de langue professionnelle Certificat de langue professionnelle","type":"rich","width":600,"height":338,"html":"<blockquote class=\"wp-embedded-content\" data-secret=\"lvHkZ1eH4f\"><a href=\"https:\/\/elam.ca\/fr\/certificat-de-langue-professionnelle\/\">Certificat de langue professionnelle<\/a><\/blockquote><iframe sandbox=\"allow-scripts\" security=\"restricted\" src=\"https:\/\/elam.ca\/fr\/certificat-de-langue-professionnelle\/embed\/#?secret=lvHkZ1eH4f\" width=\"600\" height=\"338\" title=\"\u00ab\u00a0Certificat de langue professionnelle\u00a0\u00bb &#8212; ELAM\" data-secret=\"lvHkZ1eH4f\" frameborder=\"0\" marginwidth=\"0\" marginheight=\"0\" scrolling=\"no\" class=\"wp-embedded-content\"><\/iframe><script type=\"text\/javascript\">\n\/* <![CDATA[ *\/\n\/*! This file is auto-generated *\/\n!function(d,l){\"use strict\";l.querySelector&&d.addEventListener&&\"undefined\"!=typeof URL&&(d.wp=d.wp||{},d.wp.receiveEmbedMessage||(d.wp.receiveEmbedMessage=function(e){var t=e.data;if((t||t.secret||t.message||t.value)&&!\/[^a-zA-Z0-9]\/.test(t.secret)){for(var s,r,n,a=l.querySelectorAll('iframe[data-secret=\"'+t.secret+'\"]'),o=l.querySelectorAll('blockquote[data-secret=\"'+t.secret+'\"]'),c=new RegExp(\"^https?:$\",\"i\"),i=0;i<o.length;i++)o[i].style.display=\"none\";for(i=0;i<a.length;i++)s=a[i],e.source===s.contentWindow&&(s.removeAttribute(\"style\"),\"height\"===t.message?(1e3<(r=parseInt(t.value,10))?r=1e3:~~r<200&&(r=200),s.height=r):\"link\"===t.message&&(r=new URL(s.getAttribute(\"src\")),n=new URL(t.value),c.test(n.protocol))&&n.host===r.host&&l.activeElement===s&&(d.top.location.href=t.value))}},d.addEventListener(\"message\",d.wp.receiveEmbedMessage,!1),l.addEventListener(\"DOMContentLoaded\",function(){for(var e,t,s=l.querySelectorAll(\"iframe.wp-embedded-content\"),r=0;r<s.length;r++)(t=(e=s[r]).getAttribute(\"data-secret\"))||(t=Math.random().toString(36).substring(2,12),e.src+=\"#?secret=\"+t,e.setAttribute(\"data-secret\",t)),e.contentWindow.postMessage({message:\"ready\",secret:t},\"*\")},!1)))}(window,document);\n\/\/# sourceURL=https:\/\/elam.ca\/wp-includes\/js\/wp-embed.min.js\n\/* ]]> *\/\n<\/script>\n","thumbnail_url":"https:\/\/elam.ca\/wp-content\/uploads\/2022\/07\/AdobeStock_411401245-scaled.jpg","thumbnail_width":2560,"thumbnail_height":1707,"description":"Certains emplois requi\u00e8rent un niveau de langue pr\u00e9cis (par exemple, secr\u00e9taire administratif, juridique, r\u00e9dacteur, etc.); dans ces cas-ci, le certificat de langue professionnelle d'ELAM est indispensable. Les responsables de l'acquisition de talents ne sont pas toujours aptes \u00e0 \u00e9valuer le niveau de langue requis pour un poste. De m\u00eame, les responsables souhaitant promouvoir des employ\u00e9s \u00e0 de nouveaux postes pourraient devoir prouver que ces derniers poss\u00e8dent les comp\u00e9tences linguistiques leur permettant d\u2019effectuer le travail de mani\u00e8re ad\u00e9quate."}

Certains emplois requièrent un niveau de langue précis (par exemple, secrétaire administratif, juridique, rédacteur, etc.); dans ces cas-ci, le certificat de langue professionnelle d'ELAM est indispensable. Les responsables de l'acquisition de talents ne sont pas toujours aptes à évaluer le niveau de langue requis pour un poste. De même, les responsables souhaitant promouvoir des employés à de nouveaux postes pourraient devoir prouver que ces derniers possèdent les compétences linguistiques leur permettant d’effectuer le travail de manière adéquate.
