{"version":"1.0","provider_name":"ELAM","provider_url":"https:\/\/elam.ca\/fr","author_name":"Emma Di Palma","author_url":"https:\/\/elam.ca\/fr\/author\/emmadipalma","title":"Profile+ : Votre coach linguistique personnel","type":"rich","width":600,"height":338,"html":"<blockquote class=\"wp-embedded-content\" data-secret=\"pM2PcMDm5P\"><a href=\"https:\/\/elam.ca\/fr\/article-recent\/profile-votre-coach-linguistique-personnel\">Profile+, votre coach linguistique personnel<\/a><\/blockquote><iframe sandbox=\"allow-scripts\" security=\"restricted\" src=\"https:\/\/elam.ca\/fr\/article-recent\/profile-votre-coach-linguistique-personnel\/embed#?secret=pM2PcMDm5P\" width=\"600\" height=\"338\" title=\"&#8220;Profile+, votre coach linguistique personnel&#8221; &#8212; ELAM\" data-secret=\"pM2PcMDm5P\" frameborder=\"0\" marginwidth=\"0\" marginheight=\"0\" scrolling=\"no\" class=\"wp-embedded-content\"><\/iframe><script type=\"text\/javascript\">\n\/* <![CDATA[ *\/\n\/*! This file is auto-generated *\/\n!function(d,l){\"use strict\";l.querySelector&&d.addEventListener&&\"undefined\"!=typeof URL&&(d.wp=d.wp||{},d.wp.receiveEmbedMessage||(d.wp.receiveEmbedMessage=function(e){var t=e.data;if((t||t.secret||t.message||t.value)&&!\/[^a-zA-Z0-9]\/.test(t.secret)){for(var s,r,n,a=l.querySelectorAll('iframe[data-secret=\"'+t.secret+'\"]'),o=l.querySelectorAll('blockquote[data-secret=\"'+t.secret+'\"]'),c=new RegExp(\"^https?:$\",\"i\"),i=0;i<o.length;i++)o[i].style.display=\"none\";for(i=0;i<a.length;i++)s=a[i],e.source===s.contentWindow&&(s.removeAttribute(\"style\"),\"height\"===t.message?(1e3<(r=parseInt(t.value,10))?r=1e3:~~r<200&&(r=200),s.height=r):\"link\"===t.message&&(r=new URL(s.getAttribute(\"src\")),n=new URL(t.value),c.test(n.protocol))&&n.host===r.host&&l.activeElement===s&&(d.top.location.href=t.value))}},d.addEventListener(\"message\",d.wp.receiveEmbedMessage,!1),l.addEventListener(\"DOMContentLoaded\",function(){for(var e,t,s=l.querySelectorAll(\"iframe.wp-embedded-content\"),r=0;r<s.length;r++)(t=(e=s[r]).getAttribute(\"data-secret\"))||(t=Math.random().toString(36).substring(2,12),e.src+=\"#?secret=\"+t,e.setAttribute(\"data-secret\",t)),e.contentWindow.postMessage({message:\"ready\",secret:t},\"*\")},!1)))}(window,document);\n\/\/# sourceURL=https:\/\/elam.ca\/wp-includes\/js\/wp-embed.min.js\n\/* ]]> *\/\n<\/script>\n","thumbnail_url":"https:\/\/elam.ca\/wp-content\/uploads\/2025\/04\/Untitled-2048-x-1080-px-Microsoft-Teams-Background-1920-x-1080-px.png","thumbnail_width":1920,"thumbnail_height":1080,"description":"L\u00e0 o\u00f9 vos besoins linguistiques rencontrent vos besoins professionnels Chez ELAM, nous comprenons que dans le monde des affaires globalis\u00e9 d\u2019aujourd\u2019hui, ma\u00eetriser une langue seconde n\u2019est pas seulement un atout \u2013 c\u2019est essentiel. Mais trouver le temps de suivre un cours ou d\u2019ins\u00e9rer des le\u00e7ons entre deux r\u00e9unions peut \u00eatre un v\u00e9ritable d\u00e9fi. C\u2019est pourquoi nous sommes ravis de vous pr\u00e9senter Profile+, un outil r\u00e9volutionnaire pour ceux qui souhaitent am\u00e9liorer leur niveau de fran\u00e7ais ou d\u2019anglais \u2013 quand ils veulent et lorsqu'ils en ont besoin."}

Là où vos besoins linguistiques rencontrent vos besoins professionnels Chez ELAM, nous comprenons que dans le monde des affaires globalisé d’aujourd’hui, maîtriser une langue seconde n’est pas seulement un atout – c’est essentiel. Mais trouver le temps de suivre un cours ou d’insérer des leçons entre deux réunions peut être un véritable défi. C’est pourquoi nous sommes ravis de vous présenter Profile+, un outil révolutionnaire pour ceux qui souhaitent améliorer leur niveau de français ou d’anglais – quand ils veulent et lorsqu'ils en ont besoin.
