{"version":"1.0","provider_name":"ELAM","provider_url":"https:\/\/elam.ca\/fr\/","author_name":"drakkarsupport","author_url":"https:\/\/elam.ca\/fr\/author\/drakkarsupport\/","title":"L'apprentissage comme axe strat\u00e9gique pour toutes les entreprises","type":"rich","width":600,"height":338,"html":"<blockquote class=\"wp-embedded-content\" data-secret=\"GaUJk567eX\"><a href=\"https:\/\/elam.ca\/fr\/apprentissage-langues-strategie-entreprises\/\">L&rsquo;apprentissage comme axe strat\u00e9gique pour toutes les entreprises<\/a><\/blockquote><iframe sandbox=\"allow-scripts\" security=\"restricted\" src=\"https:\/\/elam.ca\/fr\/apprentissage-langues-strategie-entreprises\/embed\/#?secret=GaUJk567eX\" width=\"600\" height=\"338\" title=\"\u00ab\u00a0L&rsquo;apprentissage comme axe strat\u00e9gique pour toutes les entreprises\u00a0\u00bb &#8212; ELAM\" data-secret=\"GaUJk567eX\" frameborder=\"0\" marginwidth=\"0\" marginheight=\"0\" scrolling=\"no\" class=\"wp-embedded-content\"><\/iframe><script type=\"text\/javascript\">\n\/* <![CDATA[ *\/\n\/*! This file is auto-generated *\/\n!function(d,l){\"use strict\";l.querySelector&&d.addEventListener&&\"undefined\"!=typeof URL&&(d.wp=d.wp||{},d.wp.receiveEmbedMessage||(d.wp.receiveEmbedMessage=function(e){var t=e.data;if((t||t.secret||t.message||t.value)&&!\/[^a-zA-Z0-9]\/.test(t.secret)){for(var s,r,n,a=l.querySelectorAll('iframe[data-secret=\"'+t.secret+'\"]'),o=l.querySelectorAll('blockquote[data-secret=\"'+t.secret+'\"]'),c=new RegExp(\"^https?:$\",\"i\"),i=0;i<o.length;i++)o[i].style.display=\"none\";for(i=0;i<a.length;i++)s=a[i],e.source===s.contentWindow&&(s.removeAttribute(\"style\"),\"height\"===t.message?(1e3<(r=parseInt(t.value,10))?r=1e3:~~r<200&&(r=200),s.height=r):\"link\"===t.message&&(r=new URL(s.getAttribute(\"src\")),n=new URL(t.value),c.test(n.protocol))&&n.host===r.host&&l.activeElement===s&&(d.top.location.href=t.value))}},d.addEventListener(\"message\",d.wp.receiveEmbedMessage,!1),l.addEventListener(\"DOMContentLoaded\",function(){for(var e,t,s=l.querySelectorAll(\"iframe.wp-embedded-content\"),r=0;r<s.length;r++)(t=(e=s[r]).getAttribute(\"data-secret\"))||(t=Math.random().toString(36).substring(2,12),e.src+=\"#?secret=\"+t,e.setAttribute(\"data-secret\",t)),e.contentWindow.postMessage({message:\"ready\",secret:t},\"*\")},!1)))}(window,document);\n\/\/# sourceURL=https:\/\/elam.ca\/wp-includes\/js\/wp-embed.min.js\n\/* ]]> *\/\n<\/script>\n","thumbnail_url":"https:\/\/elam.ca\/wp-content\/uploads\/2021\/05\/elam-strategic-focus-article-thumb.jpg","thumbnail_width":870,"thumbnail_height":500,"description":"Au cours de la derni\u00e8re d\u00e9cennie, la main-d'\u0153uvre mondiale a\u202fconstamment \u00e9volu\u00e9. L'environnement commercial actuel est rapide et exigeant. Les employ\u00e9s de la\u202fdirection g\u00e9n\u00e9rale mondiale doivent avoir les comp\u00e9tences n\u00e9cessaires pour faire face \u00e0 des situations\u202ftoujours nouvelles, de sorte que leur d\u00e9veloppement dans le monde de l'entreprise ne peut \u00eatre laiss\u00e9 au\u202fhasard."}

L'apprentissage comme axe stratégique pour toutes les entreprises

<blockquote class="wp-embedded-content" data-secret="GaUJk567eX"><a href="https://elam.ca/fr/apprentissage-langues-strategie-entreprises/">L&rsquo;apprentissage comme axe stratégique pour toutes les entreprises</a></blockquote><iframe sandbox="allow-scripts" security="restricted" src="https://elam.ca/fr/apprentissage-langues-strategie-entreprises/embed/#?secret=GaUJk567eX" width="600" height="338" title="« L&rsquo;apprentissage comme axe stratégique pour toutes les entreprises » &#8212; ELAM" data-secret="GaUJk567eX" frameborder="0" marginwidth="0" marginheight="0" scrolling="no" class="wp-embedded-content"></iframe><script type="text/javascript">
/* <![CDATA[ */
/*! This file is auto-generated */
!function(d,l){"use strict";l.querySelector&&d.addEventListener&&"undefined"!=typeof URL&&(d.wp=d.wp||{},d.wp.receiveEmbedMessage||(d.wp.receiveEmbedMessage=function(e){var t=e.data;if((t||t.secret||t.message||t.value)&&!/[^a-zA-Z0-9]/.test(t.secret)){for(var s,r,n,a=l.querySelectorAll('iframe[data-secret="'+t.secret+'"]'),o=l.querySelectorAll('blockquote[data-secret="'+t.secret+'"]'),c=new RegExp("^https?:$","i"),i=0;i<o.length;i++)o[i].style.display="none";for(i=0;i<a.length;i++)s=a[i],e.source===s.contentWindow&&(s.removeAttribute("style"),"height"===t.message?(1e3<(r=parseInt(t.value,10))?r=1e3:~~r<200&&(r=200),s.height=r):"link"===t.message&&(r=new URL(s.getAttribute("src")),n=new URL(t.value),c.test(n.protocol))&&n.host===r.host&&l.activeElement===s&&(d.top.location.href=t.value))}},d.addEventListener("message",d.wp.receiveEmbedMessage,!1),l.addEventListener("DOMContentLoaded",function(){for(var e,t,s=l.querySelectorAll("iframe.wp-embedded-content"),r=0;r<s.length;r++)(t=(e=s[r]).getAttribute("data-secret"))||(t=Math.random().toString(36).substring(2,12),e.src+="#?secret="+t,e.setAttribute("data-secret",t)),e.contentWindow.postMessage({message:"ready",secret:t},"*")},!1)))}(window,document);
//# sourceURL=https://elam.ca/wp-includes/js/wp-embed.min.js
/* ]]> */
</script>

Au cours de la dernière décennie, la main-d'œuvre mondiale a constamment évolué. L'environnement commercial actuel est rapide et exigeant. Les employés de la direction générale mondiale doivent avoir les compétences nécessaires pour faire face à des situations toujours nouvelles, de sorte que leur développement dans le monde de l'entreprise ne peut être laissé au hasard.
